of h and x?
8
Suppose 0 = -5*j + 4*v - 0*v - 4285, j + 3*v = -838. Let h = -523 - j. Let w be ((-28)/6)/((-20)/h). Calculate the highest common divisor of 11 and w.
11
Suppose 0 = -19*i - 447 + 11581. Suppose 3*o = 1169 + i. Calculate the greatest common divisor of 39 and o.
39
Let n be (1144/32 - 1/(-4))*(-2 + 3). Calculate the greatest common divisor of 243 and n.
9
Let l be (80/4)/(2/54). Let g be (32/(-12))/(6/(-18)). Suppose -3*w - l = -g*w. Calculate the highest common divisor of w and 27.
27
Let a(c) = 18*c**3 + 2*c**2 + 5*c + 4. Let v be a(-1). Let k(h) = 2*h + 169. Let x be k(v). Calculate the greatest common factor of 54 and x.
27
Let t(n) = 12*n**2 + 41*n - 139. Let w be t(3). What is the highest common factor of w and 36?
4
Let j(x) = 24*x**2 + 3*x - 594. Let h be j(22). Calculate the greatest common factor of h and 24.
24
Suppose -p - 4*m + 174 = 0, 2*p - 334 = -0*m - m. Let x = p + -151. What is the highest common divisor of 5 and x?
5
Suppose -2*j + 2*w = -6*j + 56, 2*w + 88 = 5*j. Suppose -17*p + 132 = 16*p. Calculate the highest common divisor of j and p.
4
Let l(w) = -70*w - 90. Let g be l(-3). Calculate the greatest common factor of g and 870.
30
Let z be -3 - (-17)/((-102)/(-720)). Let r = 56 + -46. Let d be (-17)/(-85) + 128/r. Calculate the greatest common divisor of d and z.
13
Let t(c) = -c**3 + 6*c**2 + 2*c + 7. Let h be t(5). Suppose -88 = 40*i - h*i. Suppose -184 = 27*b - 1372. What is the highest common factor of i and b?
44
Let j be (-296566)/(-869) - (-6)/(-22). Calculate the greatest common divisor of j and 253.
11
Let y(q) = 33*q**2 + 4*q - 8. Suppose a = -3*b + 5*b - 4, -5*a + 5*b = 20. Let k be y(a). What is the highest common divisor of 56 and k?
56
Suppose 467 = n + 4*f - 563, 3*n - 5*f = 3107. Calculate the highest common factor of 1927 and n.
47
Let o(p) = 5*p**2 + 207*p + 984. Let c be o(-5). What is the greatest common divisor of c and 3737?
37
Let y be 0/(-2) - 93/(-3). Suppose -105 = 4*l - 81, 5*m - 1377 = -3*l. Calculate the greatest common divisor of y and m.
31
Suppose -313*n + 311*n = -238. Suppose 0 = -3*d + 12, 3*d = -2*i + 5*i. Suppose -i = -0*v + v, -5*v = 2*k - 14. What is the greatest common factor of n and k?
17
Suppose i - 11271 = -10731. Calculate the greatest common divisor of 1500 and i.
60
Let l = -5874 + 6240. What is the highest common divisor of l and 18?
6
Suppose 0 = 12*y + 7*y + 684. Let n(o) = 2*o**2 + 71*o - 30. Let q be n(y). Calculate the greatest common divisor of q and 3.
3
Let a be ((-3)/(-4))/((-46)/(-5704)). Suppose -17*v = -2912 - 777. Calculate the highest common factor of a and v.
31
Let d be (-24 - (3 - -3))*248/(-48)*3. Calculate the greatest common factor of d and 4805.
155
Suppose 29*l - 3*l - 25137 = 5*l. Calculate the highest common divisor of l and 42.
21
Let l(i) = 8*i**3 - 3*i**2 - 6*i - 2. Let o be l(-2). Let p = o - -60. Let w be (p/(-21) + 17/14)*60. Calculate the highest common factor of w and 18.
18
Let a(s) = -219*s - 642. Let j be a(-3). Let l = -17 - 25. Let i = 72 + l. Calculate the highest common factor of i and j.
15
Suppose -g + 454 = 2*k, -7*k = -6*k - 2*g - 227. What is the highest common factor of 9 and k?
1
Let n be ((-33)/3 - -5) + 0. Suppose 5*u - u - o + 71 = 0, o + 14 = -u. Let k = n - u. Calculate the highest common divisor of 11 and k.
11
Suppose 0 = c - 5*i - 191, 35*c + 883 = 40*c - i. Calculate the greatest common factor of c and 11.
11
Suppose -2*x + x + 394 = 0. Let o = x + -75. Let k = 631 - o. Calculate the highest common factor of 39 and k.
39
Suppose 3902 = 35*f + 1277. Calculate the highest common divisor of 60 and f.
15
Suppose 4*i - 220 = -3*m, 4*m - 165 = -3*i + 3*m. Let w = 62 - i. What is the greatest common factor of 2 and w?
1
Suppose 6*r = 2*r + 40. Let b = -433 + 368. Let o = r - b. What is the highest common divisor of o and 15?
15
Let f(r) = 6*r**2 + 2 - 5 - 7*r**2 + 4. Let j be f(1). Suppose j = 3*w, -178 = -4*c - 4*w + 74. Calculate the highest common divisor of 9 and c.
9
Suppose -2*d = -3*i - 722, -5*d = -0*i - 2*i - 1805. Let h(x) = -27*x**2 - 315*x - 179. Let k be h(-11). What is the highest common factor of k and d?
19
Let a(y) = 891*y + 91. Let d be a(7). What is the highest common divisor of 7 and d?
7
Let c = 243 - -15. Suppose -3*b - b = 2*t - 262, 0 = 4*b - 2*t - c. What is the highest common factor of 25 and b?
5
Let z be 2/(-5) + (-2244)/(-110). Let j(a) = 4*a**2 - 10*a + 16. Let v be j(4). Calculate the greatest common factor of v and z.
20
Let n = -1630 + 1666. Suppose -w - 3*z + 11 + 7 = 0, 2*w - 18 = 3*z. What is the greatest common divisor of w and n?
12
Suppose 27*r + 3*t = 28*r - 77, -2*r + t + 159 = 0. What is the greatest common factor of r and 465?
5
Suppose -49*v + 16 = -45*v, -4*p = -4*v - 13436. Calculate the greatest common divisor of 177 and p.
177
Let w(x) = 36*x**2 + 4*x - 1. Let a = 151 + -150. Let q be w(a). What is the greatest common factor of q and 195?
39
Suppose 0*i = -5*i + 5*x - 100, 0 = 5*i - 4*x + 102. Let o be (216/(-198))/(4/i). Calculate the greatest common factor of o and 96.
6
Let w(f) = 1141*f - 6812. Let i be w(6). Let c be (17/(-4))/((-1)/8). Calculate the highest common factor of c and i.
34
Let h = 74 + -19. Let c = -7 - h. Let o = c + 76. Calculate the highest common factor of o and 140.
14
Let o(i) = 2*i**3 - 6*i**2 + 56*i - 672. Let f be o(8). Calculate the highest common divisor of 16432 and f.
208
Suppose -132 = -4*o + 5*l + 15, 0 = -5*o - 5*l + 195. Let i be 5 - -261*(-1 + (-8)/(-4)). What is the greatest common factor of o and i?
38
Let n be 25632/64 - 1/2. Suppose 47*o = 37*o + n. What is the greatest common factor of o and 5?
5
Let g = 17359 - 17053. Calculate the highest common divisor of g and 2652.
102
Suppose 3*j - 2*c = 18, 0*j - j + 6 = 2*c. Let t(b) = 2*b**3 - 3*b**2 - 3*b + 19. Let o be t(j). Calculate the greatest common divisor of o and 65.
65
Let w(z) = -2*z - 61. Let y be w(-27). Let o(n) = n**2 + 8*n + 53. Let q be o(y). Calculate the greatest common factor of 138 and q.
46
Let k(v) = 38*v**2 - 24*v - 170. Let q be k(-6). Calculate the highest common divisor of 22 and q.
22
Let x(p) = -14*p - 26. Let g be x(-9). Let l = g - 0. Calculate the greatest common divisor of l and 40.
20
Suppose 3*c = -a + 51, 4*c + a = 75 - 8. Suppose 2*l - 141 - 13 = v, -4*l - v = -326. What is the greatest common factor of c and l?
16
Let g = -4090 - -4126. What is the greatest common divisor of 4329 and g?
9
Let b(m) = m. Let g be b(3). Suppose -21 = -g*w + 3*t, 5*w + 9*t - 5*t - 35 = 0. What is the highest common divisor of w and 672?
7
Let y(u) = u**3 + 80*u**2 + 157*u + 353. Let l be y(-78). What is the greatest common factor of 1375 and l?
275
Let c(f) = 2*f**2 - 12*f - 214. Let d be c(-9). Calculate the greatest common factor of 189 and d.
7
Suppose -26*o = -232 + 648. Let w be -6 + 8 - (o + 3). Calculate the greatest common divisor of 9 and w.
3
Let n = -48 + 45. Let x(q) = -11*q + 2. Let z be x(n). Suppose -13*a = -2*a - 154. Calculate the highest common divisor of a and z.
7
Let b be 5*(6 - (-80)/(-25)). Let y(j) = 189*j**2 - 31*j - 72. Let p be y(-3). What is the greatest common factor of p and b?
14
Suppose 3*w = s + 203, -w - 4*s - 209 = -4*w. Let g = w - 23. Suppose -19*k - 7*b = -17*k + 41, -1 = 5*k + 3*b. Calculate the greatest common factor of g and k.
4
Suppose 3*l = -80 + 173. Let u = l + 29. Calculate the highest common factor of u and 40.
20
Let z be (-1 - (-3)/1) + 215. Let a be (-4 + (-18)/90)*10/(-3). What is the greatest common factor of z and a?
7
Suppose 563*l - 576*l + 2873 = 0. Calculate the greatest common divisor of l and 52.
13
Let y = -364 + 533. Let z(o) = 2*o**3 + 142*o**2 - 145*o - 46. Let w be z(-72). Calculate the highest common divisor of w and y.
13
Let k(o) be the first derivative of 3*o**4/2 - 4*o**3/3 + 3*o**2 - 2*o + 49. Let q be k(2). Calculate the greatest common factor of q and 105.
21
Let d(k) = -63*k - 626. Let f be d(-11). What is the greatest common divisor of f and 2144?
67
Suppose 5*o + 10 = 5*x, 5*o - 4*x - 21 = -26. Let u(d) = -5*d**2 - d. Let v be u(1). Let i be (-9)/v*3*2. What is the highest common divisor of i and o?
3
Let p = 145 - 106. Let a = 87 - p. Let v(q) = 12*q**2 - q - 1. Let j be v(-1). What is 